{"id":67,"date":"2025-05-27T15:22:40","date_gmt":"2025-05-27T15:22:40","guid":{"rendered":"https:\/\/mefisto.me\/?page_id=67"},"modified":"2025-06-09T21:08:06","modified_gmt":"2025-06-09T21:08:06","slug":"symfonia","status":"publish","type":"page","link":"https:\/\/mefisto.me\/index.php\/symfonia\/","title":{"rendered":"Symfonia"},"content":{"rendered":"\n<p><strong>\u201eSymph\u014dn\u00eda\u201d (\u03c3\u03c5\u03bc\u03c6\u03c9\u03bd\u03af\u03b1) w j\u0119zyku greckim<\/strong> dos\u0142ownie oznacza:<\/p>\n\n\n\n<ul class=\"wp-block-list\">\n<li><strong>\u201eHarmonia\u201d<\/strong> (z <em>s\u00fdn<\/em> \u2013 \u201erazem\u201d + <em>ph\u014dn\u1e17<\/em> \u2013 \u201ed\u017awi\u0119k, g\u0142os\u201d) \u2013 <strong><mark style=\"background-color:rgba(0, 0, 0, 0);color:#4ca432\" class=\"has-inline-color\">WSP\u00d3LNE BRZMIENIE<\/mark><\/strong>.<\/li>\n<\/ul>\n\n\n\n<p>Poni\u017cej znajduje si\u0119 diagram ze struktur\u0105 Symfonii (za nied\u0142ugo dodam podzia\u0142 % populacji):<\/p>\n\n\n\n<!-- draw.io diagram -->\n<div class=\"mxgraph\" style=\"max-width:100%;border:1px solid transparent;\" data-mxgraph=\"{&quot;highlight&quot;:&quot;#0000ff&quot;,&quot;nav&quot;:true,&quot;resize&quot;:true,&quot;dark-mode&quot;:&quot;auto&quot;,&quot;toolbar&quot;:&quot;zoom layers tags lightbox&quot;,&quot;edit&quot;:&quot;_blank&quot;,&quot;xml&quot;:&quot;&lt;mxfile host=\\&quot;app.diagrams.net\\&quot; agent=\\&quot;Mozilla\/5.0 (Macintosh; Intel Mac OS X 10.15; rv:137.0) Gecko\/20100101 Firefox\/137.0\\&quot; version=\\&quot;27.1.4\\&quot;&gt;\\n  &lt;diagram name=\\&quot;Strona-1\\&quot; id=\\&quot;n7QnetiwvCqn46CztNhi\\&quot;&gt;\\n    &lt;mxGraphModel dx=\\&quot;1306\\&quot; dy=\\&quot;760\\&quot; grid=\\&quot;0\\&quot; gridSize=\\&quot;10\\&quot; guides=\\&quot;1\\&quot; tooltips=\\&quot;1\\&quot; connect=\\&quot;1\\&quot; arrows=\\&quot;1\\&quot; fold=\\&quot;1\\&quot; page=\\&quot;1\\&quot; pageScale=\\&quot;1\\&quot; pageWidth=\\&quot;827\\&quot; pageHeight=\\&quot;1169\\&quot; background=\\&quot;none\\&quot; math=\\&quot;0\\&quot; shadow=\\&quot;0\\&quot;&gt;\\n      &lt;root&gt;\\n        &lt;mxCell id=\\&quot;0\\&quot; \/&gt;\\n        &lt;mxCell id=\\&quot;1\\&quot; parent=\\&quot;0\\&quot; \/&gt;\\n        &lt;mxCell id=\\&quot;4ECXqs5f7eBj5PdW4jxo-1\\&quot; value=\\&quot;&amp;lt;div&amp;gt;Mefisto&amp;lt;\/div&amp;gt;\\&quot; style=\\&quot;text;html=1;align=center;verticalAlign=middle;whiteSpace=wrap;rounded=0;\\&quot; vertex=\\&quot;1\\&quot; parent=\\&quot;1\\&quot;&gt;\\n          &lt;mxGeometry x=\\&quot;310\\&quot; y=\\&quot;190\\&quot; width=\\&quot;60\\&quot; height=\\&quot;30\\&quot; as=\\&quot;geometry\\&quot; \/&gt;\\n        &lt;\/mxCell&gt;\\n        &lt;mxCell id=\\&quot;4ECXqs5f7eBj5PdW4jxo-2\\&quot; value=\\&quot;\\&quot; style=\\&quot;endArrow=none;html=1;rounded=0;entryX=0.5;entryY=1;entryDx=0;entryDy=0;\\&quot; edge=\\&quot;1\\&quot; parent=\\&quot;1\\&quot; target=\\&quot;4ECXqs5f7eBj5PdW4jxo-1\\&quot;&gt;\\n          &lt;mxGeometry width=\\&quot;50\\&quot; height=\\&quot;50\\&quot; relative=\\&quot;1\\&quot; as=\\&quot;geometry\\&quot;&gt;\\n            &lt;mxPoint x=\\&quot;340\\&quot; y=\\&quot;240\\&quot; as=\\&quot;sourcePoint\\&quot; \/&gt;\\n            &lt;mxPoint x=\\&quot;370\\&quot; y=\\&quot;180\\&quot; as=\\&quot;targetPoint\\&quot; \/&gt;\\n          &lt;\/mxGeometry&gt;\\n        &lt;\/mxCell&gt;\\n        &lt;mxCell id=\\&quot;4ECXqs5f7eBj5PdW4jxo-3\\&quot; value=\\&quot;Pan Hierofant\\&quot; style=\\&quot;text;html=1;align=center;verticalAlign=middle;whiteSpace=wrap;rounded=0;\\&quot; vertex=\\&quot;1\\&quot; parent=\\&quot;1\\&quot;&gt;\\n          &lt;mxGeometry x=\\&quot;310\\&quot; y=\\&quot;240\\&quot; width=\\&quot;60\\&quot; height=\\&quot;30\\&quot; as=\\&quot;geometry\\&quot; \/&gt;\\n        &lt;\/mxCell&gt;\\n        &lt;mxCell id=\\&quot;4ECXqs5f7eBj5PdW4jxo-4\\&quot; value=\\&quot;\\&quot; style=\\&quot;endArrow=none;html=1;rounded=0;\\&quot; edge=\\&quot;1\\&quot; parent=\\&quot;1\\&quot;&gt;\\n          &lt;mxGeometry width=\\&quot;50\\&quot; height=\\&quot;50\\&quot; relative=\\&quot;1\\&quot; as=\\&quot;geometry\\&quot;&gt;\\n            &lt;mxPoint x=\\&quot;340\\&quot; y=\\&quot;290\\&quot; as=\\&quot;sourcePoint\\&quot; \/&gt;\\n            &lt;mxPoint x=\\&quot;340\\&quot; y=\\&quot;270\\&quot; as=\\&quot;targetPoint\\&quot; \/&gt;\\n          &lt;\/mxGeometry&gt;\\n        &lt;\/mxCell&gt;\\n        &lt;mxCell id=\\&quot;4ECXqs5f7eBj5PdW4jxo-5\\&quot; value=\\&quot;&amp;lt;div&amp;gt;Hierofanci \u015apiewaj\u0105cy&amp;lt;\/div&amp;gt;\\&quot; style=\\&quot;text;html=1;align=center;verticalAlign=middle;whiteSpace=wrap;rounded=0;\\&quot; vertex=\\&quot;1\\&quot; parent=\\&quot;1\\&quot;&gt;\\n          &lt;mxGeometry x=\\&quot;310\\&quot; y=\\&quot;290\\&quot; width=\\&quot;60\\&quot; height=\\&quot;30\\&quot; as=\\&quot;geometry\\&quot; \/&gt;\\n        &lt;\/mxCell&gt;\\n        &lt;mxCell id=\\&quot;4ECXqs5f7eBj5PdW4jxo-6\\&quot; value=\\&quot;\\&quot; style=\\&quot;endArrow=none;html=1;rounded=0;\\&quot; edge=\\&quot;1\\&quot; parent=\\&quot;1\\&quot;&gt;\\n          &lt;mxGeometry width=\\&quot;50\\&quot; height=\\&quot;50\\&quot; relative=\\&quot;1\\&quot; as=\\&quot;geometry\\&quot;&gt;\\n            &lt;mxPoint x=\\&quot;340\\&quot; y=\\&quot;340\\&quot; as=\\&quot;sourcePoint\\&quot; \/&gt;\\n            &lt;mxPoint x=\\&quot;340\\&quot; y=\\&quot;320\\&quot; as=\\&quot;targetPoint\\&quot; \/&gt;\\n          &lt;\/mxGeometry&gt;\\n        &lt;\/mxCell&gt;\\n        &lt;mxCell id=\\&quot;4ECXqs5f7eBj5PdW4jxo-7\\&quot; value=\\&quot;Hierofanci\\&quot; style=\\&quot;text;html=1;align=center;verticalAlign=middle;whiteSpace=wrap;rounded=0;\\&quot; vertex=\\&quot;1\\&quot; parent=\\&quot;1\\&quot;&gt;\\n          &lt;mxGeometry x=\\&quot;310\\&quot; y=\\&quot;330\\&quot; width=\\&quot;60\\&quot; height=\\&quot;30\\&quot; as=\\&quot;geometry\\&quot; \/&gt;\\n        &lt;\/mxCell&gt;\\n        &lt;mxCell id=\\&quot;4ECXqs5f7eBj5PdW4jxo-12\\&quot; value=\\&quot;\\&quot; style=\\&quot;endArrow=none;html=1;rounded=0;exitX=0.5;exitY=1;exitDx=0;exitDy=0;\\&quot; edge=\\&quot;1\\&quot; parent=\\&quot;1\\&quot; source=\\&quot;4ECXqs5f7eBj5PdW4jxo-7\\&quot;&gt;\\n          &lt;mxGeometry width=\\&quot;50\\&quot; height=\\&quot;50\\&quot; relative=\\&quot;1\\&quot; as=\\&quot;geometry\\&quot;&gt;\\n            &lt;mxPoint x=\\&quot;340\\&quot; y=\\&quot;360\\&quot; as=\\&quot;sourcePoint\\&quot; \/&gt;\\n            &lt;mxPoint x=\\&quot;340\\&quot; y=\\&quot;380\\&quot; as=\\&quot;targetPoint\\&quot; \/&gt;\\n          &lt;\/mxGeometry&gt;\\n        &lt;\/mxCell&gt;\\n        &lt;mxCell id=\\&quot;4ECXqs5f7eBj5PdW4jxo-11\\&quot; value=\\&quot;Hierofanci J\u0119cz\u0105cy\\&quot; style=\\&quot;text;html=1;align=center;verticalAlign=middle;whiteSpace=wrap;rounded=0;\\&quot; vertex=\\&quot;1\\&quot; parent=\\&quot;1\\&quot;&gt;\\n          &lt;mxGeometry x=\\&quot;310\\&quot; y=\\&quot;380\\&quot; width=\\&quot;60\\&quot; height=\\&quot;30\\&quot; as=\\&quot;geometry\\&quot; \/&gt;\\n        &lt;\/mxCell&gt;\\n        &lt;mxCell id=\\&quot;4ECXqs5f7eBj5PdW4jxo-14\\&quot; value=\\&quot;\\&quot; style=\\&quot;endArrow=none;html=1;rounded=0;\\&quot; edge=\\&quot;1\\&quot; parent=\\&quot;1\\&quot;&gt;\\n          &lt;mxGeometry width=\\&quot;50\\&quot; height=\\&quot;50\\&quot; relative=\\&quot;1\\&quot; as=\\&quot;geometry\\&quot;&gt;\\n            &lt;mxPoint x=\\&quot;340\\&quot; y=\\&quot;440\\&quot; as=\\&quot;sourcePoint\\&quot; \/&gt;\\n            &lt;mxPoint x=\\&quot;340\\&quot; y=\\&quot;410\\&quot; as=\\&quot;targetPoint\\&quot; \/&gt;\\n          &lt;\/mxGeometry&gt;\\n        &lt;\/mxCell&gt;\\n        &lt;mxCell id=\\&quot;4ECXqs5f7eBj5PdW4jxo-15\\&quot; value=\\&quot;Obro\u0144cy Krwi\\&quot; style=\\&quot;text;html=1;align=center;verticalAlign=middle;whiteSpace=wrap;rounded=0;\\&quot; vertex=\\&quot;1\\&quot; parent=\\&quot;1\\&quot;&gt;\\n          &lt;mxGeometry x=\\&quot;310\\&quot; y=\\&quot;440\\&quot; width=\\&quot;60\\&quot; height=\\&quot;30\\&quot; as=\\&quot;geometry\\&quot; \/&gt;\\n        &lt;\/mxCell&gt;\\n        &lt;mxCell id=\\&quot;4ECXqs5f7eBj5PdW4jxo-16\\&quot; value=\\&quot;\\&quot; style=\\&quot;endArrow=none;html=1;rounded=0;\\&quot; edge=\\&quot;1\\&quot; parent=\\&quot;1\\&quot;&gt;\\n          &lt;mxGeometry width=\\&quot;50\\&quot; height=\\&quot;50\\&quot; relative=\\&quot;1\\&quot; as=\\&quot;geometry\\&quot;&gt;\\n            &lt;mxPoint x=\\&quot;340\\&quot; y=\\&quot;500\\&quot; as=\\&quot;sourcePoint\\&quot; \/&gt;\\n            &lt;mxPoint x=\\&quot;340\\&quot; y=\\&quot;470\\&quot; as=\\&quot;targetPoint\\&quot; \/&gt;\\n          &lt;\/mxGeometry&gt;\\n        &lt;\/mxCell&gt;\\n        &lt;mxCell id=\\&quot;4ECXqs5f7eBj5PdW4jxo-17\\&quot; value=\\&quot;Fetyszysta Lekarz\\&quot; style=\\&quot;text;html=1;align=center;verticalAlign=middle;whiteSpace=wrap;rounded=0;\\&quot; vertex=\\&quot;1\\&quot; parent=\\&quot;1\\&quot;&gt;\\n          &lt;mxGeometry x=\\&quot;310\\&quot; y=\\&quot;500\\&quot; width=\\&quot;60\\&quot; height=\\&quot;30\\&quot; as=\\&quot;geometry\\&quot; \/&gt;\\n        &lt;\/mxCell&gt;\\n        &lt;mxCell id=\\&quot;4ECXqs5f7eBj5PdW4jxo-19\\&quot; value=\\&quot;\\&quot; style=\\&quot;endArrow=none;html=1;rounded=0;\\&quot; edge=\\&quot;1\\&quot; parent=\\&quot;1\\&quot;&gt;\\n          &lt;mxGeometry width=\\&quot;50\\&quot; height=\\&quot;50\\&quot; relative=\\&quot;1\\&quot; as=\\&quot;geometry\\&quot;&gt;\\n            &lt;mxPoint x=\\&quot;340\\&quot; y=\\&quot;560\\&quot; as=\\&quot;sourcePoint\\&quot; \/&gt;\\n            &lt;mxPoint x=\\&quot;340\\&quot; y=\\&quot;530\\&quot; as=\\&quot;targetPoint\\&quot; \/&gt;\\n          &lt;\/mxGeometry&gt;\\n        &lt;\/mxCell&gt;\\n        &lt;mxCell id=\\&quot;4ECXqs5f7eBj5PdW4jxo-20\\&quot; value=\\&quot;Alchemicy \/ Fanatycy Nadgorliwi\\&quot; style=\\&quot;text;html=1;align=center;verticalAlign=middle;whiteSpace=wrap;rounded=0;\\&quot; vertex=\\&quot;1\\&quot; parent=\\&quot;1\\&quot;&gt;\\n          &lt;mxGeometry x=\\&quot;250\\&quot; y=\\&quot;560\\&quot; width=\\&quot;180\\&quot; height=\\&quot;30\\&quot; as=\\&quot;geometry\\&quot; \/&gt;\\n        &lt;\/mxCell&gt;\\n        &lt;mxCell id=\\&quot;4ECXqs5f7eBj5PdW4jxo-21\\&quot; value=\\&quot;\\&quot; style=\\&quot;endArrow=none;html=1;rounded=0;\\&quot; edge=\\&quot;1\\&quot; parent=\\&quot;1\\&quot;&gt;\\n          &lt;mxGeometry width=\\&quot;50\\&quot; height=\\&quot;50\\&quot; relative=\\&quot;1\\&quot; as=\\&quot;geometry\\&quot;&gt;\\n            &lt;mxPoint x=\\&quot;340\\&quot; y=\\&quot;620\\&quot; as=\\&quot;sourcePoint\\&quot; \/&gt;\\n            &lt;mxPoint x=\\&quot;340\\&quot; y=\\&quot;590\\&quot; as=\\&quot;targetPoint\\&quot; \/&gt;\\n          &lt;\/mxGeometry&gt;\\n        &lt;\/mxCell&gt;\\n        &lt;mxCell id=\\&quot;4ECXqs5f7eBj5PdW4jxo-22\\&quot; value=\\&quot;Nieudacznicy\\&quot; style=\\&quot;text;html=1;align=center;verticalAlign=middle;whiteSpace=wrap;rounded=0;\\&quot; vertex=\\&quot;1\\&quot; parent=\\&quot;1\\&quot;&gt;\\n          &lt;mxGeometry x=\\&quot;310\\&quot; y=\\&quot;610\\&quot; width=\\&quot;60\\&quot; height=\\&quot;30\\&quot; as=\\&quot;geometry\\&quot; \/&gt;\\n        &lt;\/mxCell&gt;\\n        &lt;mxCell id=\\&quot;4ECXqs5f7eBj5PdW4jxo-23\\&quot; value=\\&quot;\\&quot; style=\\&quot;endArrow=none;html=1;rounded=0;\\&quot; edge=\\&quot;1\\&quot; parent=\\&quot;1\\&quot;&gt;\\n          &lt;mxGeometry width=\\&quot;50\\&quot; height=\\&quot;50\\&quot; relative=\\&quot;1\\&quot; as=\\&quot;geometry\\&quot;&gt;\\n            &lt;mxPoint x=\\&quot;340\\&quot; y=\\&quot;670\\&quot; as=\\&quot;sourcePoint\\&quot; \/&gt;\\n            &lt;mxPoint x=\\&quot;340\\&quot; y=\\&quot;640\\&quot; as=\\&quot;targetPoint\\&quot; \/&gt;\\n          &lt;\/mxGeometry&gt;\\n        &lt;\/mxCell&gt;\\n        &lt;mxCell id=\\&quot;4ECXqs5f7eBj5PdW4jxo-24\\&quot; value=\\&quot;Masoni \/ Fanatycy Oddani\\&quot; style=\\&quot;text;html=1;align=center;verticalAlign=middle;whiteSpace=wrap;rounded=0;\\&quot; vertex=\\&quot;1\\&quot; parent=\\&quot;1\\&quot;&gt;\\n          &lt;mxGeometry x=\\&quot;250\\&quot; y=\\&quot;660\\&quot; width=\\&quot;180\\&quot; height=\\&quot;30\\&quot; as=\\&quot;geometry\\&quot; \/&gt;\\n        &lt;\/mxCell&gt;\\n        &lt;mxCell id=\\&quot;4ECXqs5f7eBj5PdW4jxo-25\\&quot; value=\\&quot;\\&quot; style=\\&quot;endArrow=none;html=1;rounded=0;\\&quot; edge=\\&quot;1\\&quot; parent=\\&quot;1\\&quot;&gt;\\n          &lt;mxGeometry width=\\&quot;50\\&quot; height=\\&quot;50\\&quot; relative=\\&quot;1\\&quot; as=\\&quot;geometry\\&quot;&gt;\\n            &lt;mxPoint x=\\&quot;340\\&quot; y=\\&quot;720\\&quot; as=\\&quot;sourcePoint\\&quot; \/&gt;\\n            &lt;mxPoint x=\\&quot;340\\&quot; y=\\&quot;690\\&quot; as=\\&quot;targetPoint\\&quot; \/&gt;\\n          &lt;\/mxGeometry&gt;\\n        &lt;\/mxCell&gt;\\n        &lt;mxCell id=\\&quot;4ECXqs5f7eBj5PdW4jxo-26\\&quot; value=\\&quot;Fetyszysta Eteru\\&quot; style=\\&quot;text;html=1;align=center;verticalAlign=middle;whiteSpace=wrap;rounded=0;\\&quot; vertex=\\&quot;1\\&quot; parent=\\&quot;1\\&quot;&gt;\\n          &lt;mxGeometry x=\\&quot;270\\&quot; y=\\&quot;710\\&quot; width=\\&quot;140\\&quot; height=\\&quot;30\\&quot; as=\\&quot;geometry\\&quot; \/&gt;\\n        &lt;\/mxCell&gt;\\n        &lt;mxCell id=\\&quot;4ECXqs5f7eBj5PdW4jxo-27\\&quot; value=\\&quot;\\&quot; style=\\&quot;endArrow=none;html=1;rounded=0;\\&quot; edge=\\&quot;1\\&quot; parent=\\&quot;1\\&quot;&gt;\\n          &lt;mxGeometry width=\\&quot;50\\&quot; height=\\&quot;50\\&quot; relative=\\&quot;1\\&quot; as=\\&quot;geometry\\&quot;&gt;\\n            &lt;mxPoint x=\\&quot;340\\&quot; y=\\&quot;770\\&quot; as=\\&quot;sourcePoint\\&quot; \/&gt;\\n            &lt;mxPoint x=\\&quot;340\\&quot; y=\\&quot;740\\&quot; as=\\&quot;targetPoint\\&quot; \/&gt;\\n          &lt;\/mxGeometry&gt;\\n        &lt;\/mxCell&gt;\\n        &lt;mxCell id=\\&quot;4ECXqs5f7eBj5PdW4jxo-28\\&quot; value=\\&quot;\u015awiadomi \/ Fanatycy Powo\u0142ani\\&quot; style=\\&quot;text;html=1;align=center;verticalAlign=middle;whiteSpace=wrap;rounded=0;\\&quot; vertex=\\&quot;1\\&quot; parent=\\&quot;1\\&quot;&gt;\\n          &lt;mxGeometry x=\\&quot;245\\&quot; y=\\&quot;760\\&quot; width=\\&quot;190\\&quot; height=\\&quot;30\\&quot; as=\\&quot;geometry\\&quot; \/&gt;\\n        &lt;\/mxCell&gt;\\n        &lt;mxCell id=\\&quot;4ECXqs5f7eBj5PdW4jxo-29\\&quot; value=\\&quot;\\&quot; style=\\&quot;endArrow=none;html=1;rounded=0;\\&quot; edge=\\&quot;1\\&quot; parent=\\&quot;1\\&quot;&gt;\\n          &lt;mxGeometry width=\\&quot;50\\&quot; height=\\&quot;50\\&quot; relative=\\&quot;1\\&quot; as=\\&quot;geometry\\&quot;&gt;\\n            &lt;mxPoint x=\\&quot;340\\&quot; y=\\&quot;820\\&quot; as=\\&quot;sourcePoint\\&quot; \/&gt;\\n            &lt;mxPoint x=\\&quot;340\\&quot; y=\\&quot;790\\&quot; as=\\&quot;targetPoint\\&quot; \/&gt;\\n          &lt;\/mxGeometry&gt;\\n        &lt;\/mxCell&gt;\\n        &lt;mxCell id=\\&quot;4ECXqs5f7eBj5PdW4jxo-30\\&quot; value=\\&quot;Fetyszysta\\&quot; style=\\&quot;text;strokeColor=none;align=center;fillColor=none;html=1;verticalAlign=middle;whiteSpace=wrap;rounded=0;\\&quot; vertex=\\&quot;1\\&quot; parent=\\&quot;1\\&quot;&gt;\\n          &lt;mxGeometry x=\\&quot;285\\&quot; y=\\&quot;810\\&quot; width=\\&quot;110\\&quot; height=\\&quot;30\\&quot; as=\\&quot;geometry\\&quot; \/&gt;\\n        &lt;\/mxCell&gt;\\n        &lt;mxCell id=\\&quot;4ECXqs5f7eBj5PdW4jxo-31\\&quot; value=\\&quot;\\&quot; style=\\&quot;endArrow=none;html=1;rounded=0;\\&quot; edge=\\&quot;1\\&quot; parent=\\&quot;1\\&quot;&gt;\\n          &lt;mxGeometry width=\\&quot;50\\&quot; height=\\&quot;50\\&quot; relative=\\&quot;1\\&quot; as=\\&quot;geometry\\&quot;&gt;\\n            &lt;mxPoint x=\\&quot;340\\&quot; y=\\&quot;870\\&quot; as=\\&quot;sourcePoint\\&quot; \/&gt;\\n            &lt;mxPoint x=\\&quot;340\\&quot; y=\\&quot;840\\&quot; as=\\&quot;targetPoint\\&quot; \/&gt;\\n          &lt;\/mxGeometry&gt;\\n        &lt;\/mxCell&gt;\\n        &lt;mxCell id=\\&quot;4ECXqs5f7eBj5PdW4jxo-32\\&quot; value=\\&quot;Organizmy\\&quot; style=\\&quot;text;html=1;align=center;verticalAlign=middle;whiteSpace=wrap;rounded=0;\\&quot; vertex=\\&quot;1\\&quot; parent=\\&quot;1\\&quot;&gt;\\n          &lt;mxGeometry x=\\&quot;310\\&quot; y=\\&quot;860\\&quot; width=\\&quot;60\\&quot; height=\\&quot;30\\&quot; as=\\&quot;geometry\\&quot; \/&gt;\\n        &lt;\/mxCell&gt;\\n        &lt;mxCell id=\\&quot;4ECXqs5f7eBj5PdW4jxo-33\\&quot; value=\\&quot;\\&quot; style=\\&quot;endArrow=none;html=1;rounded=0;\\&quot; edge=\\&quot;1\\&quot; parent=\\&quot;1\\&quot;&gt;\\n          &lt;mxGeometry width=\\&quot;50\\&quot; height=\\&quot;50\\&quot; relative=\\&quot;1\\&quot; as=\\&quot;geometry\\&quot;&gt;\\n            &lt;mxPoint x=\\&quot;340\\&quot; y=\\&quot;920\\&quot; as=\\&quot;sourcePoint\\&quot; \/&gt;\\n            &lt;mxPoint x=\\&quot;340\\&quot; y=\\&quot;890\\&quot; as=\\&quot;targetPoint\\&quot; \/&gt;\\n          &lt;\/mxGeometry&gt;\\n        &lt;\/mxCell&gt;\\n        &lt;mxCell id=\\&quot;4ECXqs5f7eBj5PdW4jxo-34\\&quot; value=\\&quot;Zjawy\\&quot; style=\\&quot;text;html=1;align=center;verticalAlign=middle;whiteSpace=wrap;rounded=0;\\&quot; vertex=\\&quot;1\\&quot; parent=\\&quot;1\\&quot;&gt;\\n          &lt;mxGeometry x=\\&quot;310\\&quot; y=\\&quot;910\\&quot; width=\\&quot;60\\&quot; height=\\&quot;30\\&quot; as=\\&quot;geometry\\&quot; \/&gt;\\n        &lt;\/mxCell&gt;\\n        &lt;mxCell id=\\&quot;4ECXqs5f7eBj5PdW4jxo-35\\&quot; value=\\&quot;\\&quot; style=\\&quot;shape=curlyBracket;whiteSpace=wrap;html=1;rounded=1;flipH=1;labelPosition=right;verticalLabelPosition=middle;align=left;verticalAlign=middle;size=0.5;\\&quot; vertex=\\&quot;1\\&quot; parent=\\&quot;1\\&quot;&gt;\\n          &lt;mxGeometry x=\\&quot;430\\&quot; y=\\&quot;330\\&quot; width=\\&quot;20\\&quot; height=\\&quot;200\\&quot; as=\\&quot;geometry\\&quot; \/&gt;\\n        &lt;\/mxCell&gt;\\n        &lt;mxCell id=\\&quot;4ECXqs5f7eBj5PdW4jxo-36\\&quot; value=\\&quot;\\&quot; style=\\&quot;shape=curlyBracket;whiteSpace=wrap;html=1;rounded=1;labelPosition=left;verticalLabelPosition=middle;align=right;verticalAlign=middle;\\&quot; vertex=\\&quot;1\\&quot; parent=\\&quot;1\\&quot;&gt;\\n          &lt;mxGeometry x=\\&quot;210\\&quot; y=\\&quot;560\\&quot; width=\\&quot;20\\&quot; height=\\&quot;270\\&quot; as=\\&quot;geometry\\&quot; \/&gt;\\n        &lt;\/mxCell&gt;\\n        &lt;mxCell id=\\&quot;4ECXqs5f7eBj5PdW4jxo-37\\&quot; value=\\&quot;Heroldzi\\&quot; style=\\&quot;text;html=1;align=center;verticalAlign=middle;whiteSpace=wrap;rounded=0;rotation=-90;\\&quot; vertex=\\&quot;1\\&quot; parent=\\&quot;1\\&quot;&gt;\\n          &lt;mxGeometry x=\\&quot;435\\&quot; y=\\&quot;415\\&quot; width=\\&quot;60\\&quot; height=\\&quot;30\\&quot; as=\\&quot;geometry\\&quot; \/&gt;\\n        &lt;\/mxCell&gt;\\n        &lt;mxCell id=\\&quot;4ECXqs5f7eBj5PdW4jxo-39\\&quot; value=\\&quot;Siwow\u0142osi\\&quot; style=\\&quot;text;html=1;align=center;verticalAlign=middle;whiteSpace=wrap;rounded=0;rotation=-90;\\&quot; vertex=\\&quot;1\\&quot; parent=\\&quot;1\\&quot;&gt;\\n          &lt;mxGeometry x=\\&quot;160\\&quot; y=\\&quot;680\\&quot; width=\\&quot;60\\&quot; height=\\&quot;30\\&quot; as=\\&quot;geometry\\&quot; \/&gt;\\n        &lt;\/mxCell&gt;\\n      &lt;\/root&gt;\\n    &lt;\/mxGraphModel&gt;\\n  &lt;\/diagram&gt;\\n&lt;\/mxfile&gt;\\n&quot;}\"><\/div>\n<script type=\"text\/javascript\" src=\"https:\/\/viewer.diagrams.net\/js\/viewer-static.min.js\"><\/script>\n\n\n\n<hr class=\"wp-block-separator has-alpha-channel-opacity\"\/>\n\n\n\n<p>Tre\u015bci propagandowe znajduj\u0105 si\u0119 tutaj : <a href=\"https:\/\/mefisto.me\/index.php\/category\/propaganda\/\">https:\/\/mefisto.me\/index.php\/category\/propaganda\/<\/a><\/p>\n\n\n\n<p>Tre\u015bci skierowane do wszystkich uczestnicz\u0105cych w Symfonii: <a href=\"https:\/\/mefisto.me\/index.php\/category\/jestes-fundamentem\/\">https:\/\/mefisto.me\/index.php\/category\/jestes-fundamentem\/<\/a><\/p>\n\n\n\n<p>Tre\u015bci skierowane do wszystkich tych, kt\u00f3rzy znajduj\u0105 si\u0119 w reszcie hierarchii<strong>: <\/strong><a href=\"https:\/\/mefisto.me\/index.php\/category\/do-przodu\/\">https:\/\/mefisto.me\/index.php\/category\/do-przodu\/<\/a><\/p>\n\n\n\n<p><\/p>\n","protected":false},"excerpt":{"rendered":"<p>\u201eSymph\u014dn\u00eda\u201d (\u03c3\u03c5\u03bc\u03c6\u03c9\u03bd\u03af\u03b1) w j\u0119zyku greckim dos\u0142ownie oznacza: Poni\u017cej znajduje si\u0119 diagram ze struktur\u0105 Symfonii (za nied\u0142ugo dodam podzia\u0142 % populacji): Tre\u015bci propagandowe znajduj\u0105 si\u0119 tutaj : https:\/\/mefisto.me\/index.php\/category\/propaganda\/ Tre\u015bci skierowane do wszystkich uczestnicz\u0105cych w Symfonii: https:\/\/mefisto.me\/index.php\/category\/jestes-fundamentem\/ Tre\u015bci skierowane do wszystkich tych, kt\u00f3rzy znajduj\u0105 si\u0119 w reszcie hierarchii: https:\/\/mefisto.me\/index.php\/category\/do-przodu\/<\/p>\n","protected":false},"author":1,"featured_media":0,"parent":0,"menu_order":0,"comment_status":"closed","ping_status":"closed","template":"","meta":{"footnotes":""},"class_list":["post-67","page","type-page","status-publish","hentry"],"_links":{"self":[{"href":"https:\/\/mefisto.me\/index.php\/wp-json\/wp\/v2\/pages\/67","targetHints":{"allow":["GET"]}}],"collection":[{"href":"https:\/\/mefisto.me\/index.php\/wp-json\/wp\/v2\/pages"}],"about":[{"href":"https:\/\/mefisto.me\/index.php\/wp-json\/wp\/v2\/types\/page"}],"author":[{"embeddable":true,"href":"https:\/\/mefisto.me\/index.php\/wp-json\/wp\/v2\/users\/1"}],"replies":[{"embeddable":true,"href":"https:\/\/mefisto.me\/index.php\/wp-json\/wp\/v2\/comments?post=67"}],"version-history":[{"count":9,"href":"https:\/\/mefisto.me\/index.php\/wp-json\/wp\/v2\/pages\/67\/revisions"}],"predecessor-version":[{"id":100,"href":"https:\/\/mefisto.me\/index.php\/wp-json\/wp\/v2\/pages\/67\/revisions\/100"}],"wp:attachment":[{"href":"https:\/\/mefisto.me\/index.php\/wp-json\/wp\/v2\/media?parent=67"}],"curies":[{"name":"wp","href":"https:\/\/api.w.org\/{rel}","templated":true}]}}